 586?
False
Is 206689864 a multiple of 584?
True
Does 32 divide 25173120?
True
Is 2717880 a multiple of 87?
True
Does 344 divide 13045856?
True
Is 636 a factor of 9549179?
False
Is 79606462 a multiple of 74?
True
Is 3421163 a multiple of 4?
False
Does 42 divide 23661582?
True
Does 48 divide 24370823?
False
Is 2047898066 a multiple of 9?
False
Is 33827220 a multiple of 180?
True
Is 197 a factor of 198546647?
True
Is 198348600 a multiple of 475?
True
Is 1116367910 a multiple of 413?
True
Is 100 a factor of 264501200?
True
Does 9 divide 26513883?
True
Is 14465273 a multiple of 24?
False
Does 13 divide 176758327?
False
Does 18 divide 132635159?
False
Is 401183952 a multiple of 236?
True
Does 394 divide 2889360782?
True
Does 305 divide 823487800?
True
Is 338 a factor of 48571952?
True
Does 7 divide 183277192?
True
Does 17 divide 135156377?
False
Is 17117500 a multiple of 820?
True
Does 1004 divide 695892257?
False
Does 14 divide 18453610?
True
Does 72 divide 62654097?
False
Is 19920747 a multiple of 2269?
False
Is 19074933 a multiple of 202?
False
Is 470569620 a multiple of 107?
False
Is 40652274 a multiple of 114?
False
Is 248623020 a multiple of 972?
True
Is 1199232885 a multiple of 1465?
True
Does 9 divide 13652246?
False
Is 535512991 a multiple of 189?
False
Is 24266688 a multiple of 16?
True
Does 118 divide 43026104?
True
Does 272 divide 15668947?
False
Is 5459795145 a multiple of 315?
True
Is 45 a factor of 1688580?
True
Is 125873469 a multiple of 2567?
False
Is 2 a factor of 14661629?
False
Does 445 divide 615224513?
False
Does 1520 divide 3522658310?
False
Is 819442949 a multiple of 3828?
False
Is 220062840 a multiple of 1355?
True
Is 1536310467 a multiple of 123?
True
Does 164 divide 7488568?
True
Is 1687352 a multiple of 44?
False
Does 626 divide 20990310?
False
Does 564 divide 10396776?
True
Does 327 divide 721595859?
False
Is 46 a factor of 43370778?
True
Is 53569301 a multiple of 128?
False
Does 55 divide 608044?
False
Does 293 divide 1184756634?
True
Does 1307 divide 34344039?
True
Is 397330733 a multiple of 2360?
False
Is 15046760 a multiple of 8?
True
Is 34 a factor of 2634898?
True
Is 32614853 a multiple of 1052?
False
Does 50 divide 3169316?
False
Is 9974146 a multiple of 2?
True
Is 78 a factor of 20319390?
True
Does 916 divide 513675724?
False
Is 46788797 a multiple of 21?
False
Does 139 divide 206959741?
True
Is 52 a factor of 117683222?
False
Is 104 a factor of 1445012?
False
Is 92 a factor of 20562092?
True
Is 772 a factor of 26906516?
True
Does 260 divide 8927680?
False
Is 67714282 a multiple of 877?
False
Does 1014 divide 486521256?
True
Does 21 divide 125912291?
False
Is 42390725 a multiple of 1495?
True
Does 1241 divide 1939683?
True
Is 14062003 a multiple of 947?
True
Is 188477119 a multiple of 14?
False
Does 25 divide 30109515?
False
Is 41973365 a multiple of 47?
False
Is 413371747 a multiple of 6155?
False
Is 638 a factor of 34732973?
False
Is 116 a factor of 416445684?
True
Is 8043765 a multiple of 9?
False
Is 3 a factor of 464016234?
True
Does 59 divide 132600679?
False
Is 63872741 a multiple of 3?
False
Does 7 divide 544216542?
False
Does 2570 divide 175812878?
False
Does 11 divide 46825702?
True
Is 8 a factor of 3226512?
True
Is 3038 a factor of 59277456?
True
Is 52198676 a multiple of 15?
False
Is 97975193 a multiple of 2643?
False
Is 96 a factor of 6565052?
False
Does 214 divide 377767493?
False
Is 27 a factor of 51297879?
False
Is 2807438 a multiple of 63?
False
Is 278347774 a multiple of 315?
False
Is 1798838647 a multiple of 2328?
False
Is 69481266 a multiple of 1151?
True
Is 212 a factor of 1199599032?
True
Is 23414219 a multiple of 733?
True
Is 946 a factor of 1935150879?
False
Is 2605560 a multiple of 24?
True
Is 123390767 a multiple of 20?
False
Is 398 a factor of 28319065?
False
Is 39 a factor of 16749653?
False
Does 171 divide 17384715?
True
Is 1456 a factor of 245371723?
False
Is 182731228 a multiple of 92?
True
Is 13 a factor of 4465890?
True
Is 497 a factor of 21057890?
True
Does 588 divide 51946201?
False
Is 186873970 a multiple of 50?
False
Does 2621 divide 56863162?
False
Is 1118931296 a multiple of 1904?
True
Is 404015160 a multiple of 12?
True
Does 7632 divide 710892263?
False
Is 3204595 a multiple of 664?
False
Does 333 divide 26774199?
True
Does 43 divide 339467069?
True
Is 18 a factor of 1130595282?
True
Does 3880 divide 3680226559?
False
Does 85 divide 3515714580?
True
Is 481989729 a multiple of 16?
False
Is 5332148 a multiple of 199?
False
Is 66386845 a multiple of 32?
False
Is 5 a factor of 28828795?
True
Does 21 divide 192040023?
True
Does 52 divide 140315136?
True
Does 14 divide 33122096?
True
Does 994 divide 1122534097?
False
Is 29 a factor of 48265193?
True
Is 318 a factor of 122437632?
True
Is 715 a factor of 67153581?
False
Is 11 a factor of 404886174?
True
Does 734 divide 94815184?
True
Does 101 divide 41702541?
False
Is 143966192 a multiple of 16?
True
Is 8378221 a multiple of 639?
False
Does 116 divide 170381728?
True
Is 22 a factor of 640144626?
True
Is 67 a factor of 352858?
False
Is 174717937 a multiple of 134?
False
Does 291 divide 3216610736?
False
Does 33 divide 34583637?
True
Is 814 a factor of 494910372?
True
Is 4032 a factor of 1824157440?
True
Does 4332 divide 3118430?
False
Does 147 divide 446252028?
False
Is 53900154 a multiple of 21?
True
Does 207 divide 179911376?
False
Is 26 a factor of 229346260?
True
Is 1707 a factor of 2675870?
False
Does 19 divide 2854163951?
False
Is 3742 a factor of 148329083?
False
Is 275 a factor of 5107575?
True
Is 449 a factor of 10464247?
False
Does 18 divide 14578628?
False
Is 130744691 a multiple of 4?
False
Is 25 a factor of 62768895?
False
Does 105 divide 48638798?
False
Is 344 a factor of 156341035?
False
Is 1083582 a multiple of 110?
False
Is 8628785 a multiple of 529?
False
Is 212 a factor of 26145065?
False
Does 221 divide 75806536?
True
Does 678 divide 93729432?
True
Does 70 divide 42579571?
False
Is 135 a factor of 65925183?
False
Does 3697 divide 120185241?
False
Does 991 divide 803480007?
True
Is 583045344 a multiple of 12?
True
Does 223 divide 23070652?
False
Is 5 a factor of 368890?
True
Is 102298975 a multiple of 1697?
False
Is 2148795553 a multiple of 31?
False
Does 38 divide 57287394?
True
Is 284634280 a multiple of 7532?
True
Does 112 divide 65273936?
True
Is 265 a factor of 226532335?
True
Is 865572695 a multiple of 20?
False
Is 64 a factor of 1089898816?
True
Does 133 divide 39021668?
True
Is 73 a factor of 224888797?
False
Does 27 divide 68043861?
True
Does 17 divide 861936635?
True
Is 31 a factor of 103552216?
False
Does 5506 divide 332362807?
False
Does 4 divide 37534017?
False
Does 42 divide 1703358720?
True
Is 36 a factor of 1029170232?
True
Does 57 divide 29768320?
False
Is 13268433 a multiple of 10?
False
Is 3369 a factor of 64041321?
True
Does 66 divide 181476554?
False
Is 6135168 even?
True
Is 1406319 a multiple of 25?
False
Does 633 divide 345713835?
False
Is 532192272 a multiple of 472?
True
Does 17 divide 1658573805?
True
Is 90 a factor of 37620540?
True
Is 1031810184 a multiple of 16?
False
Is 2331 a factor of 33734738?
False
Is 4 a factor of 22721522?
False
Is 388 a factor of 11671428?
True
Is 63 a factor of 625653?
True
Is 13712285 a multiple of 457?
True
Does 2671 divide 336899156?
False
Is 22115944 a multiple of 511?
False
Does 1126 divide 78215338?
True
Does 9 divide 23718248?
False
Is 1526663 a multiple of 191?
True
Is 19 a factor of 112826892?
False
Is 45674670 a multiple of 15?
True
Does 11 divide 26730495?
True
Does 9 divide 752986251?
True
Is 3 a factor of 17073174?
True
Is 1443480783 a multiple of 1423?
False
Does 1214 divide 32311332?
False
Is 265869800 a multiple of 3400?
True
Is 103 a factor of 1941449885?
False
Does 22 divide 93995198?
True
Does 939 divide 16123569?
True
Is 2794 a factor of 298401994?
True
Is 2353997564 a multiple of 926?
True
Does 40 divide 2463160?
True
Does 439 divide 599560299?
True
Is 89316090 a multiple of 18?
True
Is 59 a factor of 233214116?
False
Does 24 divide 1164824016?
True
Is 214728827 a multiple of 33?
False
Is 783833051 a multiple of 743?
True
Is 7295 a factor of 297504690?
True
Is 10 a factor of 15660486?
False
Does 11040 divide 1592772983?
False
Is 26234